l**2 + 3*l - 24. Determine i(9).
1218
Let l(g) = -15*g**2 + 43518*g - 43517. Determine l(1).
-14
Let s(u) = -558*u - 3595. Calculate s(-5).
-805
Let k(o) = -22*o**3 + 6*o**2 - o + 45. What is k(0)?
45
Let j(a) = a**3 - 185*a**2 - 389*a + 3574. Calculate j(187).
769
Let h(i) = -15758*i - 16372565. Determine h(-1039).
-3
Let t(q) = 329*q**3 - 7*q**2 + 41*q + 122. Determine t(-2).
-2620
Let k(b) = -459*b - 86760. What is k(-189)?
-9
Let l(a) = a**2 - 2229*a + 28800. Calculate l(13).
-8
Let i(r) = r**3 - 505*r**2 - 1390*r - 68086. Calculate i(508).
-14
Let o(w) = -3723*w**2 + 134029*w - 45. What is o(36)?
-9
Let f(r) = r**3 + 10*r**2 + 1812*r + 42908. Give f(-21).
5
Let u(k) = 2558*k**2 - 222548*k + 184. Give u(87).
10
Let q(v) = -v**2 - 9356*v + 612361. What is q(65)?
-4
Let s(k) = 109*k - 19406. Calculate s(178).
-4
Let r(i) = 556*i - 4623. Give r(11).
1493
Let d(y) = 6528*y + 12852. Calculate d(-2).
-204
Let g(v) = -5743*v - 551329. Calculate g(-96).
-1
Let m(s) = -2*s**3 + 17*s**2 + 54*s - 363. Determine m(7).
162
Let m(l) = -143*l - 11258. Calculate m(-86).
1040
Let n(h) = -2*h**3 - 2*h**2 + 919*h + 106. Determine n(21).
1
Let q(r) = 17101*r - 495926. What is q(29)?
3
Let l(u) = u**2 - 29*u - 1448. What is l(57)?
148
Let x(z) = -299*z - 17817. Calculate x(-60).
123
Let q(c) = -25724*c - 283227. What is q(-11)?
-263
Let g(a) = a**2 + 186*a + 871. Determine g(-181).
-34
Let z(x) = -x**3 - 113*x**2 - 1879*x - 26. Calculate z(-23).
-4419
Let s(a) = 340*a**3 - 10199*a**2 - 34*a + 118. Give s(30).
-2
Let c(a) = a**3 - 172*a**2 - 2*a + 285. Determine c(172).
-59
Let f(x) = -67*x - 1075. Give f(-8).
-539
Let o(p) = 316*p + 6310. Determine o(-16).
1254
Let d(n) = n**2 - 8660*n - 611106. Determine d(-70).
-6
Let v(o) = 65*o**2 - 488*o - 39. What is v(8)?
217
Let r(q) = -q**2 - 7154*q - 5193871. What is r(-820)?
9
Let h(w) = 5532*w - 71937. Calculate h(13).
-21
Let x(c) = 8414*c + 151301. What is x(-18)?
-151
Let n(s) = -800*s - 8417. Determine n(-11).
383
Let l(c) = -51858*c + 829736. Give l(16).
8
Let s(v) = -44*v**2 - 5468*v - 1495. What is s(-124)?
-7
Let x(l) = 3*l**2 + 3483*l + 1010023. What is x(-563)?
1
Let k(v) = 37*v**2 + 2733*v + 45087. Give k(-49).
7
Let l(h) = -6847*h - 1342017. Calculate l(-196).
-5
Let b(p) = -42*p + 153. Give b(7).
-141
Let i(w) = -5826*w + 524071. Give i(90).
-269
Let i(a) = 2*a**3 - 19*a**2 + 34*a + 7. What is i(6)?
-41
Let m(s) = -44*s**2 - 739*s + 2814. What is m(-20)?
-6
Let w(f) = -4*f**3 - 124*f**2 + 2309*f + 945. Determine w(-44).
21
Let v(r) = 3212*r - 25718. Determine v(8).
-22
Let j(o) = -o**3 - 8*o**2 - 645*o - 1893. What is j(-3)?
-3
Let u(l) = -2*l**3 - 195*l**2 + 68*l - 2998. Determine u(-98).
-58
Let f(q) = -2*q**3 + 52*q**2 - 291*q + 33. Determine f(6).
-273
Let x(b) = 2347*b + 37476. What is x(-16)?
-76
Let d(p) = p**3 - 81*p**2 + 1634*p + 225. Calculate d(40).
-15
Let u(x) = -5443*x + 42621. What is u(8)?
-923
Let k(p) = 295*p + 22205. Determine k(-75).
80
Let f(i) = -32773*i + 753760. What is f(23)?
-19
Let m(a) = 35628*a - 35653. Determine m(1).
-25
Let s(b) = 5957*b - 446516. What is s(75)?
259
Let k(j) = -2*j**3 - 57*j**2 - 189*j - 528. Calculate k(-25).
-178
Let s(m) = -m**2 - 74266*m + 3. Give s(0).
3
Let r(h) = -3868*h + 104456. Give r(27).
20
Let f(d) = -13*d**2 - 587*d + 52. Give f(-42).
1774
Let u(f) = -9*f**2 + 20332*f - 182201. Determine u(9).
58
Let y(f) = 6*f**2 + 395*f + 2759. What is y(-58)?
33
Let g(l) = l**3 + 75*l**2 + 325*l + 215. Give g(-70).
1965
Let b(h) = h**2 - 2133*h + 27603. Calculate b(13).
43
Let i(n) = -1424*n + 1022427. Determine i(718).
-5
Let s(i) = -57*i**2 + 998*i + 562. Give s(18).
58
Let u(r) = -196*r + 1494. What is u(10)?
-466
Let s(t) = 16138*t + 96729. Give s(-6).
-99
Let g(l) = 771*l - 20821. Determine g(26).
-775
Let x(h) = 1677*h + 226395. Determine x(-135).
0
Let i(v) = -384*v - 75914. What is i(-198)?
118
Let f(t) = 875*t + 166301. Calculate f(-190).
51
Let u(h) = 1201653*h - 6008270. Calculate u(5).
-5
Let p(s) = 2*s**2 + 203*s - 12748. Determine p(-146).
246
Let u(h) = -h**3 - 4491*h**2 + 58557*h - 65. Determine u(13).
0
Let i(k) = -k**3 - 163*k**2 + 5128*k - 20. Give i(-190).
360
Let p(f) = 6*f**3 + 28*f**2 + 64*f + 370. Calculate p(-5).
0
Let g(u) = 115740*u - 4745287. What is g(41)?
53
Let c(t) = t**2 - 4578*t - 3339515. Calculate c(-640).
5
Let p(d) = -2*d**3 + 16*d**2 + 14159*d - 195900. What is p(14)?
-26
Let d(n) = 67*n**2 + 464*n + 631. Give d(-5).
-14
Let y(z) = z**3 + 62*z**2 + 1938*z + 5269. Give y(-3).
-14
Let f(l) = -231*l + 59633. What is f(258)?
35
Let a(i) = -154*i**2 + 2469*i - 2. What is a(16)?
78
Let j(h) = 4*h**3 - 138*h**2 - 224*h + 5292. Determine j(35).
-98
Let n(t) = -2228*t**2 + 4407*t + 1. Calculate n(2).
-97
Let f(u) = -4223*u - 29663. Calculate f(-7).
-102
Let d(b) = -7*b**2 - 544*b - 10407. Give d(-44).
-23
Let m(x) = 2*x**2 - 1494*x + 13303. Calculate m(9).
19
Let d(y) = -133*y - 1454. Give d(-17).
807
Let o(f) = -9*f**2 + 340*f - 2972. Determine o(14).
24
Let v(j) = 21278*j**2 + 148914*j - 215. What is v(-7)?
9
Let i(s) = 2*s**3 - 27*s**2 + 61*s - 108. Calculate i(11).
-42
Let j(v) = -4736*v + 336252. Calculate j(71).
-4
Let q(w) = w**2 + 476*w + 7397. Calculate q(-16).
37
Let j(n) = n**3 + 37*n**2 - 194*n + 770. Calculate j(-44).
-4246
Let i(c) = -c**3 + 221*c**2 + 23*c - 5092. Calculate i(221).
-9
Let q(j) = 12607*j + 1828053. Give q(-145).
38
Let q(n) = -1417*n - 460520. What is q(-325)?
5
Let f(p) = -2*p**3 + 24*p**2 - 36*p + 84. What is f(7)?
322
Let n(k) = -2*k**2 + 3700*k - 326672. Calculate n(93).
130
Let m(s) = -801*s - 6519. Calculate m(-10).
1491
Let n(v) = -v**3 + 25*v**2 + 357*v + 26. Calculate n(36).
-1378
Let l(i) = 4*i - 881. Determine l(-2).
-889
Let c(y) = -3*y**3 + 26*y**2 + 645*y - 5278. What is c(8)?
10
Let v(y) = -11733*y + 56293. Determine v(5).
-2372
Let o(c) = 2*c**3 + 461*c**2 - 231*c - 3. Determine o(-231).
-3
Let d(a) = -15*a**2 - 900*a + 7045. What is d(-67)?
10
Let j(m) = 18*m**3 - 97*m**2 + 97. Give j(-1).
-18
Let t(h) = -2*h**3 - 50*h**2 - 61*h - 177. What is t(-20)?
-2957
Let g(q) = -32*q**2 - 522*q + 11. Calculate g(-16).
171
Let y(h) = -h**3 - 15*h**2 + 884*h - 221. Determine y(23).
9
Let l(x) = -31*x**3 - 12*x**2 - 39*x - 31. What is l(-2)?
247
Let s(f) = -2*f**3 + f**2 - 41*f - 87. What is s(-2)?
15
Let j(x) = -64269*x - 385611. Calculate j(-6).
3
Let o(c) = -c**3 - 80*c**2 - 1792*c - 10484. Calculate o(-46).
4
Let y(u) = -3*u**3 - 4*u**2 - 9*u - 900. What is y(-7)?
-4
Let r(x) = -11*x**2 + 1669*x + 323. Give r(152).
-133
Let v(t) = 587*t**2 - 1051*t + 2. Determine v(2).
248
Let m(p) = -p**3 - 23*p**2 + 859. What is m(-21)?
-23
Let c(a) = 13734*a - 467051. What is c(34)?
-95
Let k(o) = o**3 - 39*o**2 + 118*o - 1628. Determine k(37).
0
Let t(o) = -o**3 - 52*o - 337. Determine t(-8).
591
Let x(t) = 101*t**2 + 2403*t + 24. Calculate x(-24).
528
Let r(i) = 2200*i + 68089. Determine r(-31).
-111
Let q(w) = -6798*w + 26676. Give q(4).
-516
Let c(i) = 4662*i - 634044. Determine c(136).
-12
Let t(l) = 2*l**3 + 18*l**2 + 25*l - 4. Calculate t(-8).
-76
Let t(j) = 124*j**2 - 1185*j + 5. Give t(10).
555
Let d(l) = 16*l**2 - 1422*l + 4262. What is d(3)?
140
Let b(p) = -2843*p - 25656. What is b(-9)?
-69
Let f(t) = t**3 - 16*t**2 + 1382*t - 20486. Determine f(15).
19
Let x(z) = 884*z + 23889. What is x(-27)?
21
Let v(p) = -126*p**2 - 3281*p - 542. Determine v(-26).
-412
Let n(r) = -573*r - 14056. Give n(-22).
-1450
Let n(f) = -5617*f - 791859. Give n(-141).
138
Let f(w) = -w**3 - 16*w**2 - 24*w + 49. What is f(-14)?
-7
Let l(n) = 3*n**2 + 2416*n + 16887. Give l(-7).
122
Let k(i) = -282*i + 56139. Give k(199).
21
Let a(w) = -3*w**2 - 461*w - 196. Give a(-1).
262
Let l(y) = -y**3 - 241*y**2 + 810*y + 78738. Give l(-243).
6
Let j(o) = 3*o**3 - 498*o**2 - 7556*o + 55. What is j(-14)?
-1
Let v(g) = 4031*g - 116874. Determine v(29).
25
Let u(a) = -583*a - 267601. Calculate u(-459).
-4
Let v(z) = -28*z**3 + 198*z**2 + 85*z - 674. What is v(7)?
19
Let v(k) = -100725*k - 704962. Determine v(-7).
113
Let i(l) = -2*l**3 + 3248*l**2 - 132881*l - 7. What is i(42)?
287
Let d(h) = 106*h**3 + 1903*h**2 - 88*h + 31. Calculate d(-18).
-5
Let c(y) = 12260*y - 60726. Calculate c(5).
574
Let o(a) = -7013*a - 20807. Wh